{"id":2,"date":"2010-07-19T20:33:52","date_gmt":"2010-07-19T20:33:52","guid":{"rendered":"http:\/\/doisf.net\/gestao\/?page_id=2"},"modified":"2020-03-30T15:17:20","modified_gmt":"2020-03-30T15:17:20","slug":"sobre","status":"publish","type":"page","link":"https:\/\/doisf.net\/gestao\/?page_id=2","title":{"rendered":"Solu\u00e7\u00f5es 2f"},"content":{"rendered":"\n<div id=\"metaslider-id-860\" style=\"max-width: 900px;\" class=\"ml-slider-3-80-0 metaslider metaslider-flex metaslider-860 ml-slider ms-theme-default\" role=\"region\" aria-roledescription=\"Slideshow\" aria-label=\"2f\">\n    <div id=\"metaslider_container_860\">\n        <div id=\"metaslider_860\">\n            <ul class='slides'>\n                <li style=\"display: block; width: 100%;\" class=\"slide-1014 ms-image \" aria-roledescription=\"slide\" aria-label=\"slide-1014\"><a href=\"http:\/\/doisf.net\/gestao\/?page_id=52\" target=\"_self\"><img loading=\"lazy\" decoding=\"async\" src=\"https:\/\/doisf.net\/gestao\/wp-content\/uploads\/2019\/10\/canvasLog5-e1570821093903-800x266.jpg\" height=\"300\" width=\"900\" alt=\"\" class=\"slider-860 slide-1014\" title=\"canvasLog5\" \/><\/a><div class=\"caption-wrap\"><div class=\"caption\">CONSULTORIA e SERVI\u00c7O<\/div><\/div><\/li>\n                <li style=\"display: none; width: 100%;\" class=\"slide-1017 ms-image \" aria-roledescription=\"slide\" aria-label=\"slide-1017\"><a href=\"http:\/\/doisf.net\/gestao\/?page_id=1085\" target=\"_self\"><img loading=\"lazy\" decoding=\"async\" src=\"https:\/\/doisf.net\/gestao\/wp-content\/uploads\/2019\/10\/OL2f-Fundo-3-900x300.jpg\" height=\"300\" width=\"900\" alt=\"\" class=\"slider-860 slide-1017\" title=\"OL2f Fundo 3\" \/><\/a><div class=\"caption-wrap\"><div class=\"caption\">OL2f - Aprendizagem Organizacional<\/div><\/div><\/li>\n                <li style=\"display: none; width: 100%;\" class=\"slide-1019 ms-image \" aria-roledescription=\"slide\" aria-label=\"slide-1019\"><a href=\"http:\/\/doisf.net\/gestao\/?page_id=55\" target=\"_self\"><img loading=\"lazy\" decoding=\"async\" src=\"https:\/\/doisf.net\/gestao\/wp-content\/uploads\/2019\/10\/IMG_20190925_144450-900x300.jpg\" height=\"300\" width=\"900\" alt=\"\" class=\"slider-860 slide-1019\" title=\"IMG_20190925_144450\" \/><\/a><div class=\"caption-wrap\"><div class=\"caption\">TREINAMENTO<\/div><\/div><\/li>\n                <li style=\"display: none; width: 100%;\" class=\"slide-1141 ms-image \" aria-roledescription=\"slide\" aria-label=\"slide-1141\"><a href=\"http:\/\/doisf.net\/gestao\/?page_id=1133\" target=\"_self\"><img loading=\"lazy\" decoding=\"async\" src=\"https:\/\/doisf.net\/gestao\/wp-content\/uploads\/2020\/04\/Inteligencia-900x300.png\" height=\"300\" width=\"900\" alt=\"\" class=\"slider-860 slide-1141\" title=\"Gest\u00e3o de Facilities\" \/><\/a><div class=\"caption-wrap\"><div class=\"caption\">Intelig\u00eancia 2f Facilities<\/div><\/div><\/li>\n            <\/ul>\n        <\/div>\n        \n    <\/div>\n<\/div>\n\n\n\n<h4 class=\"wp-block-heading\"><\/h4>\n\n\n\n<p class=\"has-medium-font-size\">A <em>2f<\/em> realiza consultoria, assessoria e treinamento em Gest\u00e3o Organizacional.<\/p>\n\n\n\n<p class=\"has-background has-medium-font-size has-very-light-gray-background-color\">As \u00e1reas de atua\u00e7\u00e3o empresarial s\u00e3o:<\/p>\n\n\n\n<ul><li>Gest\u00e3o de <em>Facilities<\/em>: Manuten\u00e7\u00e3o Predial, <em>Utilities<\/em> e Servi\u00e7os.<\/li><li>Gest\u00e3o da Manuten\u00e7\u00e3o Industrial<\/li><li>Gest\u00e3o Estrat\u00e9gica<\/li><li>Gest\u00e3o de Terceiros<\/li><li>Gest\u00e3o de Materiais<\/li><li>Aprendizagem Organizacional<\/li><li>Gest\u00e3o da Informa\u00e7\u00e3o<\/li><li>Gest\u00e3o do Conhecimento<\/li><li>Pesquisas Gerenciais (ambiente interno e externo)<\/li><\/ul>\n\n\n\n<p class=\"has-background has-medium-font-size has-very-light-gray-background-color\">Com a realiza\u00e7\u00e3o de projetos para os diversos segmentos como:<\/p>\n\n\n\n<p>Sider\u00fargico, Metal\u00fargico, Automotivo, Farmac\u00eautico, Energia, \u00d3leo e G\u00e1s, Papel e Celulose, Comunica\u00e7\u00e3o, Hospitalar, Shopping Center, Hot\u00e9is, Transporte, etc.<\/p>\n\n\n\n<p style=\"text-align:center\" class=\"has-background has-medium-font-size has-very-light-gray-background-color\">Solu\u00e7\u00f5es 2<em>f<\/em><\/p>\n\n\n\n<div class=\"wp-block-button aligncenter\"><a class=\"wp-block-button__link has-text-color has-very-light-gray-color has-background has-vivid-cyan-blue-background-color\" href=\"http:\/\/doisf.net\/gestao\/?page_id=52\">Consultoria e Servi\u00e7o 2<em>f<\/em><\/a><\/div>\n\n\n\n<p>   <\/p>\n\n\n\n<div class=\"wp-block-button aligncenter\"><a class=\"wp-block-button__link has-text-color has-very-light-gray-color has-background has-vivid-cyan-blue-background-color\" href=\"http:\/\/doisf.net\/gestao\/?page_id=55\">Treinamento 2<em>f<\/em><\/a><\/div>\n\n\n\n<p>   <\/p>\n\n\n\n<div class=\"wp-block-button aligncenter is-style-default\"><a class=\"wp-block-button__link has-text-color has-very-light-gray-color has-background has-vivid-cyan-blue-background-color\" href=\"http:\/\/doisf.net\/gestao\/?page_id=1085\">Aprendizagem Organizacional OL2f<\/a><\/div>\n","protected":false},"excerpt":{"rendered":"<p>A 2f realiza consultoria, assessoria e treinamento em Gest\u00e3o Organizacional. As \u00e1reas de atua\u00e7\u00e3o empresarial s\u00e3o: Gest\u00e3o de Facilities: Manuten\u00e7\u00e3o Predial, Utilities e Servi\u00e7os. Gest\u00e3o da Manuten\u00e7\u00e3o Industrial Gest\u00e3o Estrat\u00e9gica Gest\u00e3o de Terceiros Gest\u00e3o de Materiais Aprendizagem Organizacional Gest\u00e3o da Informa\u00e7\u00e3o Gest\u00e3o do Conhecimento Pesquisas Gerenciais (ambiente interno e externo) Com a realiza\u00e7\u00e3o de projetos [&hellip;]<\/p>\n","protected":false},"author":1,"featured_media":1013,"parent":0,"menu_order":0,"comment_status":"closed","ping_status":"open","template":"","meta":{"_monsterinsights_skip_tracking":false,"_monsterinsights_sitenote_active":false,"_monsterinsights_sitenote_note":"","_monsterinsights_sitenote_category":0,"footnotes":""},"aioseo_notices":[],"_links":{"self":[{"href":"https:\/\/doisf.net\/gestao\/index.php?rest_route=\/wp\/v2\/pages\/2"}],"collection":[{"href":"https:\/\/doisf.net\/gestao\/index.php?rest_route=\/wp\/v2\/pages"}],"about":[{"href":"https:\/\/doisf.net\/gestao\/index.php?rest_route=\/wp\/v2\/types\/page"}],"author":[{"embeddable":true,"href":"https:\/\/doisf.net\/gestao\/index.php?rest_route=\/wp\/v2\/users\/1"}],"replies":[{"embeddable":true,"href":"https:\/\/doisf.net\/gestao\/index.php?rest_route=%2Fwp%2Fv2%2Fcomments&post=2"}],"version-history":[{"count":37,"href":"https:\/\/doisf.net\/gestao\/index.php?rest_route=\/wp\/v2\/pages\/2\/revisions"}],"predecessor-version":[{"id":1128,"href":"https:\/\/doisf.net\/gestao\/index.php?rest_route=\/wp\/v2\/pages\/2\/revisions\/1128"}],"wp:featuredmedia":[{"embeddable":true,"href":"https:\/\/doisf.net\/gestao\/index.php?rest_route=\/wp\/v2\/media\/1013"}],"wp:attachment":[{"href":"https:\/\/doisf.net\/gestao\/index.php?rest_route=%2Fwp%2Fv2%2Fmedia&parent=2"}],"curies":[{"name":"wp","href":"https:\/\/api.w.org\/{rel}","templated":true}]}}